hat are the prime factors of 1969479?
3, 59, 3709
List the prime factors of 4950004.
2, 1237501
What are the prime factors of 989098?
2, 11, 44959
List the prime factors of 266407.
17, 15671
List the prime factors of 5088811.
7, 13, 55921
What are the prime factors of 3347823?
3, 1115941
List the prime factors of 1315204.
2, 11, 71, 421
List the prime factors of 3508402.
2, 409, 4289
List the prime factors of 4074036.
2, 3, 23, 29, 509
List the prime factors of 1438714.
2, 811, 887
What are the prime factors of 236035?
5, 47207
What are the prime factors of 105366?
2, 3, 17, 1033
List the prime factors of 2025759.
3, 675253
What are the prime factors of 5174409?
3, 17, 71, 1429
What are the prime factors of 1919431?
1919431
What are the prime factors of 3849752?
2, 17, 28307
List the prime factors of 679447.
67, 10141
List the prime factors of 40772.
2, 10193
List the prime factors of 21407302.
2, 7, 1529093
List the prime factors of 4627073.
11, 547, 769
List the prime factors of 202163.
13, 15551
List the prime factors of 5333978.
2, 13, 43, 367
What are the prime factors of 577927?
7, 82561
What are the prime factors of 218583?
3, 149, 163
List the prime factors of 365625.
3, 5, 13
List the prime factors of 9378534.
2, 3, 11, 142099
What are the prime factors of 7303097?
37, 197381
List the prime factors of 250458.
2, 3, 13, 19
List the prime factors of 2035386.
2, 3, 73, 1549
What are the prime factors of 11833996?
2, 71, 41669
What are the prime factors of 3200242?
2, 1600121
List the prime factors of 987649.
13, 17, 41, 109
What are the prime factors of 265496?
2, 7, 11, 431
List the prime factors of 345424.
2, 21589
What are the prime factors of 17581263?
3, 7, 837203
What are the prime factors of 222881?
107, 2083
List the prime factors of 3538908.
2, 3, 197, 499
What are the prime factors of 14527816?
2, 1815977
List the prime factors of 1128472.
2, 23, 6133
List the prime factors of 12565888.
2, 127, 773
List the prime factors of 114859.
114859
List the prime factors of 382532.
2, 95633
List the prime factors of 4689891.
3, 181, 2879
What are the prime factors of 2329026?
2, 3, 7, 23, 2411
List the prime factors of 5148303.
3, 293, 5857
List the prime factors of 459101.
97, 4733
What are the prime factors of 267812?
2, 23, 41, 71
What are the prime factors of 2682462?
2, 3, 647, 691
What are the prime factors of 6734?
2, 7, 13, 37
What are the prime factors of 3435407?
53, 1223
List the prime factors of 42418.
2, 127, 167
List the prime factors of 2183812.
2, 53, 10301
What are the prime factors of 6788996?
2, 1229, 1381
List the prime factors of 3035810.
2, 5, 303581
List the prime factors of 236583.
3, 97, 271
List the prime factors of 1756911.
3, 13, 19, 2371
What are the prime factors of 25761099?
3, 7, 13, 197, 479
List the prime factors of 543744.
2, 3, 59
List the prime factors of 4276851.
3, 59, 73, 331
What are the prime factors of 512580?
2, 3, 5, 8543
List the prime factors of 12102054.
2, 3, 2017009
What are the prime factors of 4705614?
2, 3, 31, 937
What are the prime factors of 319094?
2, 103, 1549
List the prime factors of 6586295.
5, 1317259
List the prime factors of 3526219.
31, 113749
List the prime factors of 5473486.
2, 563, 4861
What are the prime factors of 342562?
2, 11, 23, 677
List the prime factors of 4033295.
5, 7, 115237
List the prime factors of 2041733.
23, 88771
What are the prime factors of 33742170?
2, 3, 5, 7, 11, 541
List the prime factors of 12148514.
2, 7, 73, 11887
What are the prime factors of 365185?
5, 73037
What are the prime factors of 50968?
2, 23, 277
What are the prime factors of 133656?
2, 3, 5569
List the prime factors of 440602.
2, 220301
List the prime factors of 11216533.
29, 386777
List the prime factors of 109114.
2, 89, 613
What are the prime factors of 1425446?
2, 11, 64793
List the prime factors of 379698.
2, 3, 11, 523
What are the prime factors of 2153272?
2, 11, 24469
What are the prime factors of 10817151?
3, 17, 113, 1877
List the prime factors of 151380.
2, 3, 5, 29
List the prime factors of 1773627.
3, 17, 83, 419
What are the prime factors of 669424?
2, 7, 43, 139
List the prime factors of 23029.
23029
List the prime factors of 8037290.
2, 5, 803729
What are the prime factors of 788049?
3, 23, 47
What are the prime factors of 85758?
2, 3, 14293
What are the prime factors of 87477?
3, 13, 2243
List the prime factors of 2390591.
7, 17, 20089
What are the prime factors of 4059671?
7, 11, 4793
List the prime factors of 10479054.
2, 3, 31, 53, 1063
What are the prime factors of 3928307?
19, 47, 53, 83
List the prime factors of 10102299.
3, 3367433
List the prime factors of 4821288.
2, 3, 19, 97, 109
List the prime factors of 3399483.
3, 433, 2617
List the prime factors of 2687621.
2687621
What are the prime factors of 149742?
2, 3, 47, 59
What are the prime factors of 3213618?
2, 3, 101, 5303
What are the prime factors of 790263?
3, 29269
List the prime factors of 804366.
2, 3, 44687
List the prime factors of 282340.
2, 5, 19, 743
What are the prime factors of 1445616?
2, 3, 10039
What are the prime factors of 2827716?
2, 3, 61, 3863
List the prime factors of 1155675.
3, 5, 19, 811
What are the prime factors of 8516672?
2, 133073
List the prime factors of 605065.
5, 121013
What are the prime factors of 1940470?
2, 5, 7, 19, 1459
List the prime factors of 1204069.
149, 8081
List the prime factors of 171505.
5, 34301
List the prime factors of 95364.
2, 3, 883
What are the prime factors of 26365470?
2, 3, 5, 17, 3041
List the prime factors of 5507343.
3, 611927
List the prime factors of 15475.
5, 619
What are the prime factors of 15036318?
2, 3, 11, 75941
What are the prime factors of 4325904?
2, 3, 11, 2731
List the prime factors of 658607.
658607
What are the prime factors of 224229?
3, 41, 1823
What are the prime factors of 7796007?
3, 109, 883
List the prime factors of 1399441.
1399441
What are the prime factors of 3832251?
3, 31, 89, 463
What are the prime factors of 4479143?
17, 173, 1523
List the prime factors of 70277.
31, 2267
List the prime factors of 1137535.
5, 7, 4643
List the prime factors of 2360402.
2, 11, 31, 3461
List the prime factors of 3024281.
13, 59, 3943
List the prime factors of 10333.
10333
What are the prime factors of 984168?
2, 3, 13669
What are the prime factors of 1011921?
3, 19, 41, 433
What are the prime factors of 8274504?
2, 3, 7, 49253
List the prime factors of 334339.
17, 71, 277
What are the prime factors of 7867125?
3, 5, 7, 37
List the prime factors of 141446.
2, 197, 359
List the prime factors of 2290736.
2, 7, 113, 181
List the prime factors of 1925033.
11, 175003
List the prime factors of 31850962.
2, 11, 13, 17, 6551
What are the prime factors of 253996?
2, 63499
List the prime factors of 3064075.
5, 7, 17509
List the prime factors of 652544.
2, 2549
What are the prime factors of 327418?
2, 7, 13, 257
What are the prime factors of 2666042?
2, 17, 19, 4127
What are the prime factors of 4316550?
2, 3, 5, 7, 4111
List the prime factors of 1096971.
3, 73, 5009
List the prime factors of 323155.
5, 7, 1319
List the prime factors of 7965706.
2, 7, 568979
What are the prime factors of 18378295?
5, 13, 337, 839
List the prime factors of 2609285.
5, 7, 74551
What are the prime factors of 600630?
2, 3, 5, 20021
What are the prime factors of 799733?
11, 23, 29, 109
What are the prime factors of 4626008?
2, 578251
What are the prime factors of 29893370?
2, 5, 13, 229949
What are the prime factors of 400454?
2, 200227
List the prime factors of 1279317.
3, 13, 32803
What are the prime factors of 370348?
2, 11, 19, 443
List the prime factors of 327986.
2, 163993
List the prime factors of 7312.
2, 457
List the prime factors of 1462792.
2, 83, 2203
What are the prime factors of 190896?
2, 3, 41, 97
What are the prime factors of 5578811?
7, 23, 34651
What are the prime factors of 2672239?
1213, 2203
List the prime factors of 917164.
2, 167, 1373
List the prime factors of 24521610.
2, 3, 5, 43, 19009
What are the prime factors of 9761422?
2, 11, 443701
List the prime factors of 2683728.
2, 3, 18637
What are the prime factors of 1149862?
2, 7, 23, 3571
List the prime factors of 1696070.
2, 5, 169607
List the prime factors of 5246726.
2, 211, 12433
Li